usands digit of 486912?
6
What is the hundreds digit of 21842719?
7
What is the hundreds digit of 173206?
2
What is the ten millions digit of 17880701?
1
What is the hundred thousands digit of 1705366?
7
What is the units digit of 91822?
2
What is the tens digit of 3132848?
4
What is the thousands digit of 945008?
5
What is the millions digit of 18985403?
8
What is the units digit of 818598?
8
What is the hundreds digit of 449511?
5
What is the units digit of 641428?
8
What is the hundreds digit of 3476053?
0
What is the hundred thousands digit of 312925?
3
What is the thousands digit of 4500902?
0
What is the tens digit of 2694460?
6
What is the ten thousands digit of 214794?
1
What is the millions digit of 1582074?
1
What is the ten thousands digit of 1630583?
3
What is the ten thousands digit of 167601?
6
What is the units digit of 109623?
3
What is the thousands digit of 391886?
1
What is the tens digit of 189201?
0
What is the hundreds digit of 184448?
4
What is the tens digit of 7470474?
7
What is the units digit of 131952?
2
What is the hundred thousands digit of 1412626?
4
What is the thousands digit of 20342339?
2
What is the hundreds digit of 1956680?
6
What is the hundred thousands digit of 8085349?
0
What is the thousands digit of 3044936?
4
What is the ten thousands digit of 127912?
2
What is the hundred thousands digit of 600527?
6
What is the thousands digit of 663165?
3
What is the ten thousands digit of 6666126?
6
What is the ten thousands digit of 892735?
9
What is the units digit of 314741?
1
What is the thousands digit of 291602?
1
What is the hundreds digit of 1004806?
8
What is the thousands digit of 115017?
5
What is the thousands digit of 833044?
3
What is the ten thousands digit of 15831474?
3
What is the thousands digit of 702811?
2
What is the hundred thousands digit of 471809?
4
What is the thousands digit of 479148?
9
What is the hundreds digit of 3887464?
4
What is the units digit of 15185565?
5
What is the hundred thousands digit of 1218065?
2
What is the hundreds digit of 581879?
8
What is the ten thousands digit of 13701583?
0
What is the hundred thousands digit of 1304917?
3
What is the tens digit of 7750077?
7
What is the units digit of 185609?
9
What is the hundreds digit of 116887?
8
What is the hundreds digit of 250463?
4
What is the tens digit of 8532920?
2
What is the units digit of 22726306?
6
What is the ten thousands digit of 818677?
1
What is the ten thousands digit of 201773?
0
What is the units digit of 270120?
0
What is the millions digit of 1035923?
1
What is the units digit of 2398072?
2
What is the ten thousands digit of 3752387?
5
What is the ten thousands digit of 647558?
4
What is the hundreds digit of 12010758?
7
What is the hundreds digit of 15096339?
3
What is the millions digit of 10601795?
0
What is the units digit of 42686?
6
What is the ten thousands digit of 17047353?
4
What is the hundreds digit of 6175759?
7
What is the thousands digit of 154554?
4
What is the tens digit of 8324769?
6
What is the hundreds digit of 1482277?
2
What is the thousands digit of 88997?
8
What is the thousands digit of 10815735?
5
What is the tens digit of 336633?
3
What is the hundred thousands digit of 24036724?
0
What is the hundred thousands digit of 2110632?
1
What is the hundred thousands digit of 160235?
1
What is the units digit of 89807?
7
What is the units digit of 172274?
4
What is the ten thousands digit of 174302?
7
What is the tens digit of 784441?
4
What is the hundreds digit of 4986451?
4
What is the units digit of 11534378?
8
What is the ten thousands digit of 501530?
0
What is the hundreds digit of 11978066?
0
What is the hundred thousands digit of 1949426?
9
What is the hundred thousands digit of 2000590?
0
What is the hundreds digit of 949861?
8
What is the tens digit of 75167?
6
What is the hundreds digit of 158558?
5
What is the hundreds digit of 36767?
7
What is the millions digit of 8655739?
8
What is the ten millions digit of 12850644?
1
What is the hundreds digit of 433764?
7
What is the tens digit of 9190943?
4
What is the tens digit of 17834406?
0
What is the units digit of 1351029?
9
What is the hundred thousands digit of 164285?
1
What is the units digit of 18451463?
3
What is the ten thousands digit of 7968665?
6
What is the ten thousands digit of 8677267?
7
What is the millions digit of 1566203?
1
What is the hundreds digit of 168939?
9
What is the ten thousands digit of 270932?
7
What is the hundred thousands digit of 162621?
1
What is the hundreds digit of 407094?
0
What is the millions digit of 2736868?
2
What is the thousands digit of 180769?
0
What is the millions digit of 1517513?
1
What is the thousands digit of 554643?
4
What is the thousands digit of 1498273?
8
What is the millions digit of 1256260?
1
What is the hundred thousands digit of 2113530?
1
What is the hundred thousands digit of 278977?
2
What is the tens digit of 30616851?
5
What is the ten millions digit of 12722118?
1
What is the thousands digit of 20395004?
5
What is the tens digit of 7189801?
0
What is the hundreds digit of 6068215?
2
What is the ten thousands digit of 707511?
0
What is the hundred thousands digit of 259902?
2
What is the tens digit of 39993220?
2
What is the thousands digit of 4032343?
2
What is the ten thousands digit of 11659785?
5
What is the tens digit of 11090084?
8
What is the thousands digit of 374079?
4
What is the units digit of 28956742?
2
What is the hundred thousands digit of 189341?
1
What is the hundreds digit of 3701823?
8
What is the thousands digit of 1391447?
1
What is the millions digit of 30349539?
0
What is the millions digit of 3476607?
3
What is the units digit of 343885?
5
What is the ten thousands digit of 990173?
9
What is the thousands digit of 7289756?
9
What is the hundred thousands digit of 6910430?
9
What is the ten thousands digit of 257905?
5
What is the hundred thousands digit of 2480600?
4
What is the hundred thousands digit of 3762662?
7
What is the ten millions digit of 11813760?
1
What is the thousands digit of 4532526?
2
What is the tens digit of 942556?
5
What is the millions digit of 2383513?
2
What is the millions digit of 6269794?
6
What is the ten thousands digit of 4956659?
5
What is the thousands digit of 6965653?
5
What is the millions digit of 10709567?
0
What is the ten thousands digit of 7219498?
1
What is the hundred thousands digit of 14499840?
4
What is the ten thousands digit of 4343158?
4
What is the hundreds digit of 318344?
3
What is the ten thousands digit of 259360?
5
What is the ten thousands digit of 932819?
3
What is the ten thousands digit of 1875576?
7
What is the hundreds digit of 5149096?
0
What is the ten thousands digit of 905732?
0
What is the tens digit of 232717?
1
What is the ten thousands digit of 147472?
4
What is the thousands digit of 2805339?
5
What is the ten thousands digit of 936236?
3
What is the units digit of 1453450?
0
What is the ten thousands digit of 38116?
3
What is the hundred thousands digit of 2542004?
5
What is the hundreds digit of 240251?
2
What is the thousands digit of 3793425?
3
What is the ten thousands digit of 607939?
0
What is the thousands digit of 267658?
7
What is the hundreds digit of 17382310?
3
What is the hundreds digit of 3459765?
7
What is the ten thousands digit of 2780722?
8
What is the ten thousands digit of 68894?
6
What is the units digit of 289484?
4
What is the tens digit of 631454?
5
What is the thousands digit of 1064523?
4
What is the hundred thousands digit of 1614675?
6
What is the hundreds digit of 30714755?
7
What is the millions digit of 1009035?
1
What is the thousands digit of 1226334?
6
What is the tens digit of 27943220?
2
What is the units digit of 1072549?
9
What is the hundreds digit of 339542?
5
What is the ten thousands digit of 9224612?
2
What is the hundred thousands digit of 164269?
1
What is the ten thousands digit of 14528130?
2
What is the hundreds digit of 32016638?
6
What is the tens digit of 5145236?
3
What is the thousands digit of 3504196?
4
What is the hundred thousands digit of 6682534?
6
What is the ten thousands digit of 325597?
2
What is the hundred thousands digit of 957781?
9
What is the hundreds digit of 1086731?
7
What is the u